- 170 + 84. Is o(3) composite?
False
Let w(q) = 587*q - 14. Let u be w(2). Suppose -2*r + 2308 = -2*s, r - s - u = 2*s. Is r composite?
False
Let y = -13 - -19. Let m(p) = 10 + p**3 - 6*p**2 + p + p**3 - 3 - p**3. Is m(y) prime?
True
Is (4/2)/(-2)*((2 - -9) + -7510) a prime number?
True
Let p = -300 - 296. Let l = 971 - p. Is l composite?
False
Suppose -159 + 39 = -6*t. Let a(x) = -20*x - 89. Let k be a(-6). Suppose -11539 = t*q - k*q. Is q a prime number?
True
Let m(l) = -966*l - 23 - 4 - 337*l. Is m(-2) a composite number?
False
Let j(x) = 1831*x + 12. Let q be j(3). Let h = 8776 - q. Is h composite?
False
Let b be (-138)/(-10) + 1/5. Suppose -112*f + 113*f - b = 0. Is 15634/f + 16/56 a composite number?
False
Suppose -22*f = 4*f + 11*f + 396677. Let n be (-2)/8 - (-69165)/(-12). Let g = n - f. Is g a composite number?
False
Let x = 157859 - 58686. Is x a composite number?
False
Let d(r) = 1289*r**2 + 91*r + 230. Is d(-3) a composite number?
True
Suppose 10*f - 4*o = 12*f - 170454, 0 = 5*f - 5*o - 426165. Is f a composite number?
True
Suppose 1945659 = 5*z + 79*r - 83*r, 3*r + 389134 = z. Is z prime?
False
Let j(z) = -9*z + 79. Let r be j(-14). Let u = 1386 - r. Is u composite?
False
Suppose -24*a + 11599 = -23*a. Let v = 17279 - a. Suppose 16*r - v = 10464. Is r prime?
True
Let y be 1/(4/12) + 4380. Let c = y + -8254. Let j = c + 5912. Is j prime?
False
Let s be 7/(-21) + 4/(-24)*-25334. Suppose -2792 - s = -6*v. Is v composite?
True
Let s(z) = -z**2 - z - 1. Let w(y) = 488*y**2 - 13*y + 5. Let u(t) = -6*s(t) + w(t). Is u(2) composite?
False
Suppose 0 = -10*q - 3431 - 4209. Let j = q + 8175. Is j a prime number?
True
Let z = -1555 - -2256. Is z a composite number?
False
Suppose -1 = -3*o - 43. Let z be 12 + o + (0 - -3). Is (z/1)/(-3 - (-21590)/7195) a prime number?
True
Suppose -2*b - 3*b + 0*b = 0. Suppose -8*i + b = -16. Suppose 2*n = -i*g - 0*n + 166, 0 = 5*g + n - 423. Is g composite?
True
Suppose -10*b - 10 = -12*b. Suppose -j - 1240 = -z, -5*j = b*z - z - 4933. Is z a composite number?
False
Suppose 13*a - 14*a + 18947 = -16884. Is a prime?
True
Let i(u) = -u**3 - 44*u - 74. Is i(-19) composite?
False
Suppose 0*j - 5*j + 5*v - 10 = 0, v + 4 = 4*j. Let o(l) = 314*l**2 - 37*l**2 + 320*l**j + 278*l - 277*l. Is o(-2) prime?
False
Suppose 4*o - 2*o = -6. Let k be (-6)/(o*2/10). Suppose 15426 = k*v - v. Is v a prime number?
False
Suppose -h = 5*m - 731, -h + m + 865 = 158. Is (h/9)/(2/46) composite?
True
Let h(a) be the third derivative of -a**6/120 + a**5/5 - 5*a**4/8 + 5*a**3/2 + 2*a**2. Suppose -116 + 276 = 16*f. Is h(f) a composite number?
True
Let h = -436 - -436. Suppose 3*i = -g + 2003, h*g + 1328 = 2*i - 3*g. Is i composite?
True
Suppose 2*z = 3*j + 8 - 30, -3*z = 4*j - 18. Suppose -j*a = -2*a - 2536. Suppose -s + 2*y = -0*y - 308, 2*s = -2*y + a. Is s prime?
False
Let q = -6783 - -19204. Is q prime?
True
Let y(r) = -7*r + 44. Let h(v) = 6*v - 44. Let f(t) = -5*h(t) - 4*y(t). Let m be f(15). Suppose -1056 = -m*i + 38522. Is i a prime number?
False
Let l(z) = -3*z**3 - z**2 - 2*z + 7. Let a be l(0). Suppose -10*k + 106097 = a*k. Is k a composite number?
True
Let y(c) = c**3 + c**2 - c + 21. Let b be y(5). Suppose 6*n - 3*n - 6 = 0. Suppose 2 = j - n, l - b = -2*j. Is l prime?
False
Suppose 13012 = -184*l + 180*l. Is 2 - l - 8/(-12)*6 composite?
False
Let i be (3 - 14/10)/(2/(-75)). Let j = i - -65. Suppose 2346 = j*o + o. Is o prime?
False
Let q(t) be the third derivative of 23*t**4/24 + 4*t**3/3 - 25*t**2. Is q(3) composite?
True
Suppose -5*j + 696457 = -o, 4*o + 498397 = 4*j - 58775. Is j a composite number?
False
Let o(f) = -f**2 + 11*f - 9. Let r be o(9). Let w = 416 - -2168. Suppose r*n = 7667 + w. Is n prime?
False
Let l be (-42952)/(-4) - 0/((-6)/2). Let u = -6047 + l. Is u composite?
False
Suppose 7*k + 83932 = 31082. Let y = 12213 + k. Is y a prime number?
True
Let x = -16 - -26. Let s be 2 - (-44)/23 - (14 - (-7776)/(-552)). Suppose x*g = -s*g + 35826. Is g prime?
False
Is 6/((-72)/(-3))*(-13164084)/(13 - 22) prime?
True
Is (2323656288/(-1440))/((-8)/5 - -1) a composite number?
True
Suppose 0 = -33*m - 16*m + 5956979. Is m a prime number?
True
Let q(r) = -r - 1. Let m be q(-1). Suppose -5*h - 5*l = -3*h + 39, m = h - 2*l + 15. Is 281790/306 - (-1 - 15/h) a composite number?
True
Suppose 15*q = 3*q + 12. Is (-56 - -57) + q + 989 a composite number?
False
Let d(i) = 21*i - 26. Let s be d(-15). Let w = s - -1014. Is w prime?
True
Suppose 22*z - 25*z + 170915 = -5*y, -3*z - 5*y = -170935. Suppose z = 15*a + 10*a. Is a a composite number?
True
Let m be (96/(-54))/(-4)*-140538*-3. Suppose -43216 + m = 24*n. Is n prime?
True
Let b be 1*(-1)/3 - (-16)/3. Suppose -4*u - 26921 = -b*o, -o + 904 = 4*u - 4461. Is o composite?
False
Let z(p) = 7944*p - 5447. Is z(5) a prime number?
True
Suppose -3*w - 69 = -81. Suppose -i = 3*c - 6378, w*c - 468 = 5*i + 8036. Suppose -7*r = -5679 - c. Is r composite?
True
Let j(x) = -28*x + 15*x + 5452*x**2 - 5417*x**2 - 34*x - 25. Is j(-27) prime?
True
Suppose -6*u = -3*s + 13 + 8, 3 = 2*u - 3*s. Let t(h) be the third derivative of -133*h**4/24 - 11*h**3/6 - h**2. Is t(u) a composite number?
False
Let v = -44 + 60. Suppose -5*y = 3*u - v, u = -u - y + 6. Let d(s) = 197*s - 5. Is d(u) prime?
True
Suppose -4*s = -4, -2*s + 1595 = 4*l - 5*l. Let k = 2832 + l. Suppose 3*h + 0*h - k = 0. Is h a composite number?
True
Suppose 2*w - 6 = 0, -5*g - 2*w + 10 = -3*g. Suppose 0 = -g*c + 296 + 2592. Suppose 3*f - c = 449. Is f a composite number?
False
Let q be (-3107)/39*(55 + -1). Let y = -2939 - q. Is y a prime number?
False
Suppose 0 = -y + 2*f + 818, 3*f + 6083 = 5*y + 2028. Suppose b = -0*b - y. Let v = 1251 + b. Is v a composite number?
False
Let z = -167387 + 297208. Is z prime?
False
Let c(m) = -5*m**3 + 3*m**2 - 3. Let a be c(-4). Suppose -12*o = 3*o - 16*o + 521. Suppose -a - o = -2*b. Is b a prime number?
True
Is (4/(16/(-14)) + 3)*(10 - 170672) prime?
True
Suppose -4*z + 3*l = -75577, -4*z + 5*l = -z - 56691. Suppose -2*x + z = 2*x. Let f = 8418 - x. Is f composite?
True
Let l(t) = 1364*t**2 + 41*t - 274. Is l(17) a composite number?
False
Let n = 52 + -55. Let v be 2/(-9)*n - 418/(-66). Suppose 4*r - 229 = v. Is r prime?
True
Suppose 33 + 3 = 4*z - 4*l, 0 = -z + 3*l + 17. Suppose z*r + g - 13167 = 0, -5*g + 6139 + 1770 = 3*r. Is r a prime number?
True
Let j(q) = q**3 + 8*q**2 - 10*q - 8. Let m be j(-9). Let a be (-1)/(m*(-1 - 0)). Is ((-6)/2 + a)/(4/(-3086)) a prime number?
True
Suppose 0 = 4*t - 3*g - 60 + 15, -28 = -2*t - 4*g. Let k(o) = 897*o + 253. Is k(t) a prime number?
False
Let o = 34958 - -56143. Is o composite?
True
Suppose -9602*x + 9623*x - 1347339 = 0. Is x a prime number?
False
Let h(a) = a**2 - 10*a - 9. Let o be h(11). Suppose -1 = o*t + 5*q - 19, -2*q = -t. Suppose 8*c - t*c = -r + 523, -2*c - 1541 = -3*r. Is r composite?
True
Is (-3)/(23/(23850862/(-42))) a prime number?
True
Let a(r) = -17*r - 10. Let b be a(1). Is 100374/18*(b/(-3))/3 a prime number?
True
Suppose -993 - 417 = 5*g. Let o = g - -442. Suppose -4*a = -a + 2*k - 161, -o = -3*a - k. Is a prime?
True
Let w(k) = -46*k**3 - 18*k**2 + 31*k + 154. Is w(-13) a prime number?
True
Let v = 53343 + -37832. Is v composite?
False
Let r(p) = -99*p**2 - 3*p + 7. Let v be r(-11). Let b = v + 17184. Is b a composite number?
True
Suppose -2720869 - 7936483 = -16*c + 5327720. Is c a prime number?
True
Is (-29)/((-87)/40725) - 1/(1/(-4)) composite?
True
Suppose -2*i + 13 = -3*v - 67, 3*i - 134 = v. Let a(l) = i*l - 1 + 79*l + 15*l + 168*l. Is a(1) composite?
False
Suppose 576*d - 14610355 = 309803789. Is d a composite number?
False
Let a = 286 + -282. Suppose 3*o + a*g = 6*o - 18571, -o + 3*g = -6182. Is o a composite number?
False
Suppose 2*n + 3*v - 1158295 = 0, 0*v - 2895800 = -5*n + 5*v. Is n prime?
False
Let l(k) = k**3 - 2*k**2 - k + 1. Let s be (1 - -2) + -1*(-3)/(-3). Let i be l(s). Is i + (-7)/((-7)/1152) a composite number?
False
Let t be 1*-1*(-4 - -3). Let i(b) = 166*b**3 - b**2 + 3*b - 2. Let p be i(t). Suppose k - p = -47. Is k composite?
True
Let j = -694501 + 1035210. Is j a prime number?
True
Let p(n) = -18*n + 14. Let f be p(3). Let b = f - -44. Suppose a - 555 = -2*j, -4*a + 2051 = b*j - 153. Is a a prime number?
Tr